{"id":6742,"date":"2023-01-09T09:45:30","date_gmt":"2023-01-09T08:45:30","guid":{"rendered":"\/?page_id=6742"},"modified":"2023-02-17T10:00:18","modified_gmt":"2023-02-17T09:00:18","slug":"classic-blog-style-without-sidebar","status":"publish","type":"page","link":"https:\/\/beligha-avocat.com\/?page_id=6742","title":{"rendered":"Publications"},"content":{"rendered":"[vc_row ct_row_stretch=\u00a0\u00bb\u00a0\u00bb][vc_column]<div class=\"ult-spacer spacer-69f4caa8862d0\" data-id=\"69f4caa8862d0\" data-height=\"70\" data-height-mobile=\"70\" data-height-tab=\"70\" data-height-tab-portrait=\"\" data-height-mobile-landscape=\"\" style=\"clear:both;display:block;\"><\/div><div class=\"crane-blog-widget crane-blog-layout-cell crane-column-2\" data-params=\"{&quot;layout&quot;:&quot;cell&quot;,&quot;image_resolution&quot;:&quot;crane-related&quot;,&quot;show_title_description&quot;:&quot;true&quot;,&quot;show_tags&quot;:&quot;true&quot;,&quot;show_excerpt&quot;:&quot;true&quot;,&quot;excerpt_strip_html&quot;:&quot;true&quot;,&quot;excerpt_height&quot;:&quot;170&quot;,&quot;show_read_more&quot;:&quot;&quot;,&quot;blog_cell_item_bg_color&quot;:&quot;#f8f7f5&quot;,&quot;grid_spacing&quot;:&quot;0&quot;,&quot;columns_cell&quot;:&quot;2&quot;,&quot;max_width&quot;:&quot;768&quot;,&quot;post_height_desktop&quot;:&quot;350&quot;,&quot;post_height_mobile&quot;:&quot;350&quot;,&quot;posts_limit&quot;:&quot;10&quot;,&quot;author&quot;:&quot;&quot;,&quot;category&quot;:&quot;masonry-2&quot;,&quot;tag&quot;:&quot;&quot;,&quot;order&quot;:&quot;DESC&quot;,&quot;orderby&quot;:&quot;post_date&quot;,&quot;show_custom_order&quot;:&quot;&quot;,&quot;include_sticky_blog_posts&quot;:&quot;true&quot;,&quot;target&quot;:&quot;same&quot;,&quot;style&quot;:&quot;corporate&quot;,&quot;hover_type&quot;:&quot;standard&quot;,&quot;hover_gradient__from&quot;:&quot;#7ad4f1&quot;,&quot;hover_gradient__to&quot;:&quot;#cef17a&quot;,&quot;img_proportion&quot;:&quot;1x1&quot;,&quot;show_pubdate&quot;:true,&quot;show_author&quot;:true,&quot;show_cats&quot;:true,&quot;show_comment_link&quot;:false,&quot;show_share_button&quot;:false,&quot;show_post_meta&quot;:&quot;author-and-date&quot;,&quot;columns&quot;:4}\"><div class=\"crane-blog-grid loading\"><div class=\"crane-blog-grid-sizer\"><\/div><div id=\"post-9745\" class=\"crane-blog-grid-item post-9745 post type-post status-publish format-standard has-post-thumbnail hentry category-bancaire\">\n\t<div class=\"crane-blog-grid-item-wrapper\">\n\n\t\t\t\t\t<div class=\"crane-blog-grid-item-placeholder\" style=\"background-image: url('https:\/\/beligha-avocat.com\/wp-content\/uploads\/2023\/02\/pexels-chepte-cormani-1416530-600x400.jpg');\">\n\t\t\t\t<a href=\"https:\/\/beligha-avocat.com\/?p=9745\"><\/a>\n\t\t\t<\/div>\n\t\t\t\n\t\t\t<div class=\"crane-blog-grid-meta\">\n\t\t<h4 class=\"crane-blog-grid-meta__title\"><a href=\"https:\/\/beligha-avocat.com\/?p=9745\" rel=\"bookmark\"  class=\"blog-masonry__item__title\">Le paradoxe de la fraude bancaire : entre l&rsquo;obligation de s\u00e9curit\u00e9 de la banque et la \u00ab\u00a0n\u00e9gligence grave\u00a0\u00bb du client<\/a><\/h4>\t\t<div class=\"crane-blog-grid-meta__excerpt\">\n\t\t\tLa multiplication des fraudes bancaires sophistiqu\u00e9es, telles que le phishing, le spoofing ou les faux investissements, a transform\u00e9 le droit bancaire. Si le principe du remboursement imm\u00e9diat par l&rsquo;\u00e9tablissement de paiement, consacr\u00e9 par l&rsquo;article L. 133-18 du Code mon\u00e9taire et financier, demeure la r\u00e8gle, la qualification de la faute du client est au c\u0153ur du ...\t\t<\/div>\n\t\t\t<\/div>\n\n\t<\/div>\n<\/div>\n<div id=\"post-9733\" class=\"crane-blog-grid-item post-9733 post type-post status-publish format-standard has-post-thumbnail hentry category-entreprises-en-difficulte category-immobilier\">\n\t<div class=\"crane-blog-grid-item-wrapper\">\n\n\t\t\t\t\t<div class=\"crane-blog-grid-item-placeholder\" style=\"background-image: url('https:\/\/beligha-avocat.com\/wp-content\/uploads\/2023\/02\/pexels-pixabay-261679-600x400.jpg');\">\n\t\t\t\t<a href=\"https:\/\/beligha-avocat.com\/?p=9733\"><\/a>\n\t\t\t<\/div>\n\t\t\t\n\t\t\t<div class=\"crane-blog-grid-meta\">\n\t\t<h4 class=\"crane-blog-grid-meta__title\"><a href=\"https:\/\/beligha-avocat.com\/?p=9733\" rel=\"bookmark\"  class=\"blog-masonry__item__title\">La reconnaissance de la comp\u00e9tence du juge des proc\u00e9dures collectives dans le cadre de l\u2019action du liquidateur judiciaire visant \u00e0 obtenir la restitution du prix d\u2019adjudication d\u2019un bien immeuble ayant fait l\u2019objet d\u2019une saisie.<\/a><\/h4>\t\t<div class=\"crane-blog-grid-meta__excerpt\">\n\t\t\tPar un arr\u00eat du 6 mars 2024 (n\u00b0 22-22.465), la Cour de cassation offre une nouvelle fois une illustration des imbrications constantes ainsi que des occurrences entre le droit des proc\u00e9dures collectives, le droit des saisies immobili\u00e8res et plus largement des voies d&rsquo;ex\u00e9cution. En l\u2019esp\u00e8ce, l\u2019affaire en cause fait suite \u00e0 deux jugements d\u2019adjudication rendus ...\t\t<\/div>\n\t\t\t<\/div>\n\n\t<\/div>\n<\/div>\n<div id=\"post-9727\" class=\"crane-blog-grid-item crane-blog-grid-item-alt post-9727 post type-post status-publish format-standard has-post-thumbnail hentry category-franchise\">\n\t<div class=\"crane-blog-grid-item-wrapper\">\n\t\t\t<div class=\"crane-blog-grid-meta\">\n\t\t<h4 class=\"crane-blog-grid-meta__title\"><a href=\"https:\/\/beligha-avocat.com\/?p=9727\" rel=\"bookmark\"  class=\"blog-masonry__item__title\">La r\u00e9paration du pr\u00e9judice personnel cons\u00e9cutif \u00e0 la transmission d\u2019un DIP contenant des informations erron\u00e9es<\/a><\/h4>\t\t<div class=\"crane-blog-grid-meta__excerpt\">\n\t\t\tA travers un arr\u00eat 18 octobre 2023 (n\u00b0 22-19.329), la Cour de cassation donne de nouveau un aper\u00e7u du riche contentieux existant dans les r\u00e9seaux de distribution commerciale en ce qui concerne l\u2019\u00e9pineuse probl\u00e9matique de la transmission du DIP (document d\u2019information pr\u00e9contractuelle) contenant des informations erron\u00e9es ou exag\u00e9r\u00e9ment optimistes. L\u2019affaire ne concerne cette fois-ci non ...\t\t<\/div>\n\t\t\t<\/div>\n\t\t\t<div class=\"crane-blog-grid-item-placeholder\" style=\"background-image: url('https:\/\/beligha-avocat.com\/wp-content\/uploads\/2015\/11\/pexels-pavel-danilyuk-8112178-600x400.jpg');\">\n\t\t\t\t<a href=\"https:\/\/beligha-avocat.com\/?p=9727\"><\/a>\n\t\t\t<\/div>\n\t\t\t\t<\/div>\n<\/div>\n<div id=\"post-9713\" class=\"crane-blog-grid-item crane-blog-grid-item-alt post-9713 post type-post status-publish format-standard has-post-thumbnail hentry category-franchise tag-franchise\">\n\t<div class=\"crane-blog-grid-item-wrapper\">\n\t\t\t<div class=\"crane-blog-grid-meta\">\n\t\t<h4 class=\"crane-blog-grid-meta__title\"><a href=\"https:\/\/beligha-avocat.com\/?p=9713\" rel=\"bookmark\"  class=\"blog-masonry__item__title\">Retour sur l&rsquo;obligation d&rsquo;information dans les contrats de franchise<\/a><\/h4>\t<div class=\"crane-blog-tag-list\">\n\t\t<span>Tags<\/span>\n\t\t\t<a class=\"crane-blog-tag-item\" href=\"https:\/\/beligha-avocat.com\/?tag=franchise\" target=\"_self\">\n\t\t\t\t<span class=\"crane-blog-tag-txt crane-blog-tag-style--grey\" style=\"\">Franchise<\/span>\n\t\t\t<\/a>\n\t\t\t<\/div>\n\t\t<div class=\"crane-blog-grid-meta__excerpt\">\n\t\t\t&nbsp;Afin de limiter les potentiels d\u00e9s\u00e9quilibres entre le franchiseur et ses futures franchis\u00e9s, un encadrement l\u00e9gislatif de la phase pr\u00e9contractuelle est op\u00e9r\u00e9.&nbsp;&nbsp; D\u00e8s lors, dans l&rsquo;optique de prot\u00e9ger le consentement du distributeur et lui permettre de s&rsquo;engager en connaissance de cause, une obligation d\u2019information incombe au franchiseur lors de la conclusion du contrat. Cette obligation ...\t\t<\/div>\n\t\t\t<\/div>\n\t\t\t<div class=\"crane-blog-grid-item-placeholder\" style=\"background-image: url('https:\/\/beligha-avocat.com\/wp-content\/uploads\/2023\/02\/pexels-sora-shimazaki-5673477-600x400.jpg');\">\n\t\t\t\t<a href=\"https:\/\/beligha-avocat.com\/?p=9713\"><\/a>\n\t\t\t<\/div>\n\t\t\t\t<\/div>\n<\/div>\n<div id=\"post-9404\" class=\"crane-blog-grid-item post-9404 post type-post status-publish format-standard has-post-thumbnail hentry category-franchise tag-contrat\">\n\t<div class=\"crane-blog-grid-item-wrapper\">\n\n\t\t\t\t\t<div class=\"crane-blog-grid-item-placeholder\" style=\"background-image: url('https:\/\/beligha-avocat.com\/wp-content\/uploads\/2023\/02\/pexels-pavel-danilyuk-7518972-600x400.jpg');\">\n\t\t\t\t<a href=\"https:\/\/beligha-avocat.com\/?p=9404\"><\/a>\n\t\t\t<\/div>\n\t\t\t\n\t\t\t<div class=\"crane-blog-grid-meta\">\n\t\t<h4 class=\"crane-blog-grid-meta__title\"><a href=\"https:\/\/beligha-avocat.com\/?p=9404\" rel=\"bookmark\"  class=\"blog-masonry__item__title\">La rigueur d\u2019appr\u00e9ciation de la clause d\u2019intuitu personae dans les contrats de franchise<\/a><\/h4>\t<div class=\"crane-blog-tag-list\">\n\t\t<span>Tags<\/span>\n\t\t\t<a class=\"crane-blog-tag-item\" href=\"https:\/\/beligha-avocat.com\/?tag=contrat\" target=\"_self\">\n\t\t\t\t<span class=\"crane-blog-tag-txt crane-blog-tag-style--grey\" style=\"\">Contrat<\/span>\n\t\t\t<\/a>\n\t\t\t<\/div>\n\t\t<div class=\"crane-blog-grid-meta__excerpt\">\n\t\t\tPar un arr\u00eat du 5 janvier 2022, la Cour d\u2019appel de Paris vient s\u00e9v\u00e8rement sanctionner plusieurs stipulations contractuelles ins\u00e9r\u00e9es dans les contrats de franchise conclus entre les franchiseurs PIZZA SPRINT et DOMINO\u2019S et les franchis\u00e9s du r\u00e9seau\t\t<\/div>\n\t\t\t<\/div>\n\n\t<\/div>\n<\/div>\n<div id=\"post-9400\" class=\"crane-blog-grid-item post-9400 post type-post status-publish format-standard has-post-thumbnail hentry category-entreprises-en-difficulte category-immobilier\">\n\t<div class=\"crane-blog-grid-item-wrapper\">\n\n\t\t\t\t\t<div class=\"crane-blog-grid-item-placeholder\" style=\"background-image: url('https:\/\/beligha-avocat.com\/wp-content\/uploads\/2023\/02\/pexels-snapwire-618613-600x400.jpg');\">\n\t\t\t\t<a href=\"https:\/\/beligha-avocat.com\/?p=9400\"><\/a>\n\t\t\t<\/div>\n\t\t\t\n\t\t\t<div class=\"crane-blog-grid-meta\">\n\t\t<h4 class=\"crane-blog-grid-meta__title\"><a href=\"https:\/\/beligha-avocat.com\/?p=9400\" rel=\"bookmark\"  class=\"blog-masonry__item__title\">L\u2019exclusion du droit de pr\u00e9emption du locataire en mati\u00e8re de vente judiciaire de l\u2019immeuble du propri\u00e9taire en proc\u00e9dure collective<\/a><\/h4>\t\t<div class=\"crane-blog-grid-meta__excerpt\">\n\t\t\tLa vente de gr\u00e9 \u00e0 gr\u00e9 d\u2019un immeuble dans le cadre d\u2019une liquidation judiciaire ob\u00e9it \u00e0 un r\u00e9gime d\u00e9rogatoire aux dispositions de l\u2019article L. 145-6-1 du code de commerce comme a pu le rappeler la Cour de cassation dans son arr\u00eat du 23 mars 2022.\t\t<\/div>\n\t\t\t<\/div>\n\n\t<\/div>\n<\/div>\n<div id=\"post-9388\" class=\"crane-blog-grid-item crane-blog-grid-item-alt post-9388 post type-post status-publish format-standard has-post-thumbnail hentry category-consommation tag-contrat\">\n\t<div class=\"crane-blog-grid-item-wrapper\">\n\t\t\t<div class=\"crane-blog-grid-meta\">\n\t\t<h4 class=\"crane-blog-grid-meta__title\"><a href=\"https:\/\/beligha-avocat.com\/?p=9388\" rel=\"bookmark\"  class=\"blog-masonry__item__title\">La nouvelle garantie de conformit\u00e9 applicable aux contrats de\u00a0consommation<\/a><\/h4>\t<div class=\"crane-blog-tag-list\">\n\t\t<span>Tags<\/span>\n\t\t\t<a class=\"crane-blog-tag-item\" href=\"https:\/\/beligha-avocat.com\/?tag=contrat\" target=\"_self\">\n\t\t\t\t<span class=\"crane-blog-tag-txt crane-blog-tag-style--grey\" style=\"\">Contrat<\/span>\n\t\t\t<\/a>\n\t\t\t<\/div>\n\t\t<div class=\"crane-blog-grid-meta__excerpt\">\n\t\t\tDans un arr\u00eat r\u00e9cent en date du 5 octobre 2022 (Cas. Com\u00a0; 5 oct. 2022, n\u00b0 21.13.108), la Cour de cassation est venue r\u00e9affirmer que la proc\u00e9dure de conciliation \u00e9tait couverte par la confidentialit\u00e9, laquelle \u00e9tait opposable aux tiers tout comme aux diff\u00e9rentes parties appel\u00e9es \u00e0 participer \u00e0 la conciliation.\t\t<\/div>\n\t\t\t<\/div>\n\t\t\t<div class=\"crane-blog-grid-item-placeholder\" style=\"background-image: url('https:\/\/beligha-avocat.com\/wp-content\/uploads\/2023\/02\/pexels-kindel-media-7979419-600x400.jpg');\">\n\t\t\t\t<a href=\"https:\/\/beligha-avocat.com\/?p=9388\"><\/a>\n\t\t\t<\/div>\n\t\t\t\t<\/div>\n<\/div>\n<div id=\"post-6797\" class=\"crane-blog-grid-item crane-blog-grid-item-alt post-6797 post type-post status-publish format-standard has-post-thumbnail hentry category-entreprises-en-difficulte tag-confidentialite\">\n\t<div class=\"crane-blog-grid-item-wrapper\">\n\t\t\t<div class=\"crane-blog-grid-meta\">\n\t\t<h4 class=\"crane-blog-grid-meta__title\"><a href=\"https:\/\/beligha-avocat.com\/?p=6797\" rel=\"bookmark\"  class=\"blog-masonry__item__title\">La pr\u00e9servation de la confidentialit\u00e9 de la proc\u00e9dure de\u00a0conciliation<\/a><\/h4>\t<div class=\"crane-blog-tag-list\">\n\t\t<span>Tags<\/span>\n\t\t\t<a class=\"crane-blog-tag-item\" href=\"https:\/\/beligha-avocat.com\/?tag=confidentialite\" target=\"_self\">\n\t\t\t\t<span class=\"crane-blog-tag-txt crane-blog-tag-style--grey\" style=\"\">Confidentialit\u00e9<\/span>\n\t\t\t<\/a>\n\t\t\t<\/div>\n\t\t<div class=\"crane-blog-grid-meta__excerpt\">\n\t\t\tDans un arr\u00eat r\u00e9cent en date du 5 octobre 2022 (Cas. Com\u00a0; 5 oct. 2022, n\u00b0 21.13.108), la Cour de cassation est venue r\u00e9affirmer que la proc\u00e9dure de conciliation \u00e9tait couverte par la confidentialit\u00e9, laquelle \u00e9tait opposable aux tiers tout comme aux diff\u00e9rentes parties appel\u00e9es \u00e0 participer \u00e0 la conciliation.\t\t<\/div>\n\t\t\t<\/div>\n\t\t\t<div class=\"crane-blog-grid-item-placeholder\" style=\"background-image: url('https:\/\/beligha-avocat.com\/wp-content\/uploads\/2023\/02\/pexels-andrea-piacquadio-789822-600x400.jpg');\">\n\t\t\t\t<a href=\"https:\/\/beligha-avocat.com\/?p=6797\"><\/a>\n\t\t\t<\/div>\n\t\t\t\t<\/div>\n<\/div>\n<\/div><\/div><div class=\"ult-spacer spacer-69f4caa8960e9\" data-id=\"69f4caa8960e9\" data-height=\"70\" data-height-mobile=\"70\" data-height-tab=\"70\" data-height-tab-portrait=\"\" data-height-mobile-landscape=\"\" style=\"clear:both;display:block;\"><\/div>[\/vc_column][\/vc_row]\n","protected":false},"excerpt":{"rendered":"<p>[vc_row ct_row_stretch=\u00a0\u00bb\u00a0\u00bb][vc_column][\/vc_column][\/vc_row]<\/p>\n","protected":false},"author":1,"featured_media":0,"parent":0,"menu_order":0,"comment_status":"closed","ping_status":"closed","template":"","meta":{"footnotes":""},"class_list":["post-6742","page","type-page","status-publish","hentry"],"_links":{"self":[{"href":"https:\/\/beligha-avocat.com\/index.php?rest_route=\/wp\/v2\/pages\/6742","targetHints":{"allow":["GET"]}}],"collection":[{"href":"https:\/\/beligha-avocat.com\/index.php?rest_route=\/wp\/v2\/pages"}],"about":[{"href":"https:\/\/beligha-avocat.com\/index.php?rest_route=\/wp\/v2\/types\/page"}],"author":[{"embeddable":true,"href":"https:\/\/beligha-avocat.com\/index.php?rest_route=\/wp\/v2\/users\/1"}],"replies":[{"embeddable":true,"href":"https:\/\/beligha-avocat.com\/index.php?rest_route=%2Fwp%2Fv2%2Fcomments&post=6742"}],"version-history":[{"count":6,"href":"https:\/\/beligha-avocat.com\/index.php?rest_route=\/wp\/v2\/pages\/6742\/revisions"}],"predecessor-version":[{"id":9415,"href":"https:\/\/beligha-avocat.com\/index.php?rest_route=\/wp\/v2\/pages\/6742\/revisions\/9415"}],"wp:attachment":[{"href":"https:\/\/beligha-avocat.com\/index.php?rest_route=%2Fwp%2Fv2%2Fmedia&parent=6742"}],"curies":[{"name":"wp","href":"https:\/\/api.w.org\/{rel}","templated":true}]}}